 + 4*h. Let t(q) = 5*q - 1. Let x be t(m). Suppose x*n + 79 = i, -238 - 232 = -5*i + 5*n. What are the prime factors of i?
3, 11
Suppose -n + 5*a + 68 + 34 = 0, a + 4 = 0. Let s = n + -80. Suppose -135 = -g + 5*f, 3*g - 457 = -0*g + s*f. List the prime factors of g.
5, 31
Let d(q) = -q**3 + 52*q**2 - 30*q - 45. What are the prime factors of d(25)?
2, 3, 5, 67
Let c = -5464 - -8037. Let k = c - 1751. List the prime factors of k.
2, 3, 137
Suppose 41*g = 43*g + j - 13031, -19559 = -3*g - 4*j. What are the prime factors of g?
3, 13, 167
Suppose w = 5*k + 93, -2*w + 349 = 3*w + 4*k. Suppose -15*x + 868 = -8*x. Suppose -2*z - x = -3*q + 79, -q = -2*z - w. List the prime factors of q.
5, 13
Suppose -41*k - 1607 - 1263 = 0. What are the prime factors of 1*(-7 - k*4)?
3, 7, 13
Let p(m) = -48*m**3 + 2*m**2 + 10*m + 11. Let w be p(-2). Let n = w - 66. What are the prime factors of n?
317
Suppose -24*g = 165467 - 460691. List the prime factors of g.
12301
Suppose -3*s + 8 = -3*y + 2, 2*s + 3*y - 4 = 0. Let n be 114/10*(s + 28 - -5). Suppose -2*h = 3*a - 266, -5*h + 8*h - n = 2*a. List the prime factors of h.
7, 19
Let m = -33852 + 58730. List the prime factors of m.
2, 7, 1777
Suppose -8*g = -3*g - 5*z - 65180, 6*g - 78205 = -5*z. What are the prime factors of g?
3, 5, 11, 79
Suppose -2*n = 5*g + 802, -2*g - 4*n + 79 - 403 = 0. Let l = -157 - g. What are the prime factors of l?
3
Let w(j) = -j**3 + 15*j**2 + 13*j + 36. Let g be w(16). Let s(v) = v**2 + 9*v - 31. Let f be s(g). What are the prime factors of 1188/f + 54/(-90)?
3, 79
Suppose 69*c + 25*c = 282. Suppose p + 5*s = -0*s + 2, s = p - 2. Suppose 0 = -2*f + c*w + 11 + 44, 10 = -p*w. List the prime factors of f.
2, 5
Let g(k) = -30031*k**3 + 4*k**2 - 27*k - 30. What are the prime factors of g(-1)?
2, 1877
Suppose 42*z - 209*z = -61*z - 671616. What are the prime factors of z?
2, 3, 11
Suppose 641 = 3*a + 2*v, -3*a + 5*v - 409 = -5*a. Suppose -2*k - 5*q = -719, -3*k + 4*q - 210 + 1231 = 0. Let x = k - a. List the prime factors of x.
2, 5, 13
List the prime factors of (-104382)/((-6)/2 + (-126 - -127)).
3, 1933
Suppose -3*h + 19358 + 47674 = 5*k, k - 5*h - 13412 = 0. List the prime factors of k.
3, 41, 109
List the prime factors of (0 + -1)/((-42 - -22)/314380).
11, 1429
Let h(l) be the third derivative of -l**6/144 - l**5/24 - l**4/24 + l**2. Let y(a) be the second derivative of h(a). What are the prime factors of y(-2)?
5
Suppose 13*o - 18*o - l = -16, 5*o - 12 = 3*l. Suppose -o*k - k = -376. List the prime factors of k.
2, 47
Let h = -68 - -56. Let x = h - -28. Suppose -x = -4*b + 100. List the prime factors of b.
29
Suppose 140716 = 26*y - 22044. What are the prime factors of y?
2, 5, 313
Let w(d) = -d**3 + 14*d**2 + 9*d - 8. Let h = -321 + 335. List the prime factors of w(h).
2, 59
Let n = -6940 + 10237. What are the prime factors of n?
3, 7, 157
Let m(w) = 2*w**3 - 18*w**2 - 10*w - 1. Let o(z) = -z**3 - 6*z + 1. Let q(v) = m(v) + o(v). Let a = -11 - -30. What are the prime factors of q(a)?
3, 19
Suppose -28*z = -55*z + 32*z - 41075. What are the prime factors of z?
5, 31, 53
List the prime factors of 34601/1 - (4/(-10))/(227/2270).
3, 5, 769
Let l = -1899 + 3857. What are the prime factors of l?
2, 11, 89
Suppose -12 = 2*u + 2*u - 3*x, -4*u = -4*x + 16. Suppose -4606*p + 4610*p - 6536 = u. List the prime factors of p.
2, 19, 43
Suppose -4*i + 15806 = 3*n, -132*i = 3*n - 134*i - 15794. List the prime factors of n.
2, 2633
Let z(c) = 17*c + 13. Let t be z(4). Let r = -24 + t. Suppose -r = -3*h + 2*h. What are the prime factors of h?
3, 19
Let v(w) = 55*w - 221. Let y be v(4). What are the prime factors of 7/14*-82*y?
41
Suppose s - 4*w + 10 = -2*s, -2*s = -5*w + 16. Let a be 33/(-22)*(-26 + s + -2). What are the prime factors of a + (-1 - (1 + 0 + -1))?
2, 19
Suppose 0 = 3*u - 11*u - 25975 + 155287. List the prime factors of u.
2, 3, 449
Let d(f) = 2*f + 140. Let b be d(-29). Suppose 83*x - b*x - 632 = 0. List the prime factors of x.
2, 79
Let n(t) = -3*t + 100. Let y(s) = s - 34. Let f(l) = 3*n(l) + 8*y(l). Let g be 10/(-6)*(0 - 9). What are the prime factors of f(g)?
13
Suppose 4*h - 89 = -3*f + 3*h, 2*h + 25 = f. Suppose -814 = f*q - 3482. What are the prime factors of q?
2, 23
Suppose -16 + 28 = 4*c. Suppose -6*b + 198 = -c*b. Suppose -2*j - 4*f + 48 = 0, -3*f + b = 3*j - 0*j. List the prime factors of j.
2, 5
Suppose -14*v + 133 = 5*v. Let p be (-1 + -194)*(v + -8). Suppose -q - 12 + p = 0. List the prime factors of q.
3, 61
Let m be -7 - -5 - -1 - 12/(-3). Suppose 0 = -5*x + 2*c + 3858, x - 4*x - m*c = -2319. What are the prime factors of x?
2, 193
Suppose -13*n + 16*n + 30 = 0. Let z be ((-2)/5 - 414/n)*1. Suppose 3*h - 395 = -z. What are the prime factors of h?
2, 59
Let j(p) = -p**3 - 9*p**2 + 8*p - 6. Let y be j(-11). Suppose -r - y = 3*f + 28, 3*r + 48 = -f. Let u = 107 + f. List the prime factors of u.
47
Let v(p) be the second derivative of p**3/3 - 37*p**2/2 - 43*p. Let q be v(13). List the prime factors of 2815/20 + 2 + q/4.
2, 5, 7
Suppose 1420886 = 116*n + 22*n - 1211464. List the prime factors of n.
5, 7, 109
Suppose -86*l + 719463 = 16*l - 486789. What are the prime factors of l?
2, 3, 73
Let p(q) = q**2 + 15*q - 32. Let z be p(-17). Suppose -2*g + 3*x = -595, -5*x = z*g + 2*g - 1223. List the prime factors of g.
2, 151
Let k be (5 - -164 - 3) + 0. Suppose -4*d = 3*w + 2*w - 614, d = 5*w + k. What are the prime factors of d?
2, 3, 13
Suppose -38*x + 40*x - 4*t - 78482 = 0, -4*x + 157034 = 2*t. List the prime factors of x.
3, 5, 2617
Suppose m = -2, 6 = 3*j - 2*m - m. What are the prime factors of -4*(j - 6 - 69)?
2, 3, 5
Let h(k) = 51252*k**2 - 26*k - 24. List the prime factors of h(-1).
2, 7, 523
Suppose -j = 2*x - 3, j + 4*j + 2*x - 15 = 0. Suppose -4*a + 3 = j. Suppose 2*y - 210 = -a*i + 4*i, -2*i = 4*y - 470. What are the prime factors of y?
5, 23
Let j(g) = -g**3 - 2*g. Let x be j(0). Suppose 4*o + 4*m - 10 = 2*o, x = -2*o + 4*m + 2. List the prime factors of 12/(12/o) + 33.
2, 3
Suppose -11*c + 106131 = -54810. List the prime factors of c.
3, 4877
Let y(t) = t**3 + t + 14. Let f be y(-3). List the prime factors of (-2)/f + 37994/176.
2, 3
Suppose -4*g + 4*v + 25376 = 7720, g - 4411 = 2*v. What are the prime factors of g?
7, 631
Let j be ((-13)/(-26))/(2/(-4))*-1. Let l be (2/9)/(j/9). List the prime factors of 1 - 1309/(-28) - l/(-8).
2, 3
Let d(t) = 3*t**2 + 286*t + 2441. List the prime factors of d(-132).
7, 2423
Let u = 17874 - 11235. What are the prime factors of u?
3, 2213
Suppose 5*y - 15 = -0, 2*a + 4*y = 44. Suppose -a*i = -410 - 2422. What are the prime factors of i?
3, 59
Let f = -132 - -218. Let q = f - -60. Suppose -2*n = -w - 61, 2*w = -5*n - 2*w + q. What are the prime factors of n?
2, 3, 5
What are the prime factors of -1*66/99*((-7675)/2 + -1)?
3, 853
What are the prime factors of ((-207)/(-12))/((-68)/306 - 4331/(-19368))?
2, 23, 269
Let f(h) = -h**3 + 18*h**2 - 19*h - 11. Let s be f(16). Let p = -14 + s. Let k = 256 - p. What are the prime factors of k?
73
Suppose 0 = -7*x + 183 + 314. Let w = x + 419. List the prime factors of w.
2, 5, 7
Let c(v) = -v**3 - v**2 + 11*v + 8. Let a be c(-8). Let z = 344 - 604. Let h = z + a. List the prime factors of h.
2, 3
Suppose 3*q - 230700 = 3*j + 2*j, q + 5*j - 76880 = 0. What are the prime factors of q?
5, 7, 13
Let r be 12/3 + ((-24)/(-3))/2. Suppose 4*y + r = 4*l, -2*y = -7*y + 2*l - 13. What are the prime factors of 3120/18 - (0 + (-1)/y)?
173
Let t = -415 - -7217. List the prime factors of t.
2, 19, 179
Let c = -64854 + 141731. What are the prime factors of c?
59, 1303
Suppose -48*i = 3*h - 47*i - 41979, 0 = -h - 4*i + 13982. List the prime factors of h.
2, 6997
Suppose 2*g + 4*h = 10, -2*g - 5*h = -6 - 5. Let o = 4 + g. Suppose 3*t + 297 = 3*r + o*t, 3*r - 318 = 3*t. List the prime factors of r.
103
Suppose -4*p - 12 = 28. Let l(i) = 4*i**2 + 10*i - 3. Let q be l(p). Let w = q + -196. List the prime factors of w.
101
Suppose n + 35 = t + 4*t, 0 = 3*t - 5*n - 43. Let s(k) = -13*k + 13. Let h be s(t). List the prime factors of h/(-5) + -2 + -1.
2, 5
Let m(j) = -19*j**3 - 120*j**2 - 123*j**2 + 11 - 3*j + 357*j**2 - 120*j**2. What are the prime factors of m(-3)?
479
Let f(b) = 6*b**2 - 9*b - 2*b**3 - 11*b**2 